{"id":160,"date":"2018-11-27T17:51:10","date_gmt":"2018-11-27T19:51:10","guid":{"rendered":"https:\/\/eduardokasse.com.br\/vikings\/?page_id=160"},"modified":"2020-11-23T11:59:53","modified_gmt":"2020-11-23T14:59:53","slug":"vikings-noite-em-valhala","status":"publish","type":"page","link":"https:\/\/eduardokasse.com.br\/vikings\/vikings-noite-em-valhala\/","title":{"rendered":"Vikings: Noite em Valhala em quadrinhos"},"content":{"rendered":"<h2 style=\"text-align: center;\"><span style=\"color: #800000;\">Bra\u00e7os s\u00e3o amputados, cr\u00e2nios rachados e gargantas perfuradas, enquanto uma boca gorgoleja sangue e espuma<\/span><\/h2>\n<p><img decoding=\"async\" loading=\"lazy\" class=\"alignright wp-image-161\" src=\"https:\/\/eduardokasse.com.br\/vikings\/wp-content\/uploads\/2018\/11\/vikings-noite-em-valhala-capa-726x1024.jpg\" alt=\"\" width=\"300\" height=\"423\" srcset=\"https:\/\/eduardokasse.com.br\/vikings\/wp-content\/uploads\/2018\/11\/vikings-noite-em-valhala-capa-726x1024.jpg 726w, https:\/\/eduardokasse.com.br\/vikings\/wp-content\/uploads\/2018\/11\/vikings-noite-em-valhala-capa-213x300.jpg 213w, https:\/\/eduardokasse.com.br\/vikings\/wp-content\/uploads\/2018\/11\/vikings-noite-em-valhala-capa-768x1084.jpg 768w, https:\/\/eduardokasse.com.br\/vikings\/wp-content\/uploads\/2018\/11\/vikings-noite-em-valhala-capa.jpg 1488w\" sizes=\"(max-width: 300px) 100vw, 300px\" \/><\/p>\n<p>As l\u00e2minas iniciaram a melodia da morte contra a carne e os ossos. Uma m\u00fasica de rosnados, gemidos, urros de dor e \u00eaxtase! Empunhe o seu machado, segure firme o seu escudo e lute com Hr\u00f3aldr, Sten e outros bravos vikings nessa sangrenta batalha escrita por Eduardo Kasse, desenhada por Carlos Sekko e inspirada pelo s\u00e1bio Deus M\u00edmir!<\/p>\n<p>Odin te aguarda em Valhala com hidromel e muita carne!<\/p>\n<p><em>Vikings &#8211; Noite em Valhala<\/em>, traz uma nova hist\u00f3ria de batalha do Jarl Hr\u00f3aldr, um dos personagens do livro <a href=\"https:\/\/loja.eduardokasse.com.br\/produto\/vikings-berserker-saga-vikings-livro-1\/\">Vikings: Berserker<\/a>. A guerra faz parte do dia a dia dos homens do Norte, que navegam por mares bravios e \u00e1guas desconhecidas em busca de ouro, terras e gl\u00f3ria. E eles n\u00e3o temem a morte: sabem que, se morrerem com honra, ir\u00e3o comemorar com os Deuses em Asgard!<\/p>\n\n\t\t<style type=\"text\/css\">\n\t\t\t#gallery-1 {\n\t\t\t\tmargin: auto;\n\t\t\t}\n\t\t\t#gallery-1 .gallery-item {\n\t\t\t\tfloat: left;\n\t\t\t\tmargin-top: 10px;\n\t\t\t\ttext-align: center;\n\t\t\t\twidth: 33%;\n\t\t\t}\n\t\t\t#gallery-1 img {\n\t\t\t\tborder: 2px solid #cfcfcf;\n\t\t\t}\n\t\t\t#gallery-1 .gallery-caption {\n\t\t\t\tmargin-left: 0;\n\t\t\t}\n\t\t\t\/* see gallery_shortcode() in wp-includes\/media.php *\/\n\t\t<\/style>\n\t\t<div id='gallery-1' class='gallery galleryid-160 gallery-columns-3 gallery-size-thumbnail'><dl class='gallery-item'>\n\t\t\t<dt class='gallery-icon landscape'>\n\t\t\t\t<a href='https:\/\/eduardokasse.com.br\/vikings\/wp-content\/uploads\/2019\/01\/vk-kasse.jpg'><img width=\"150\" height=\"150\" src=\"https:\/\/eduardokasse.com.br\/vikings\/wp-content\/uploads\/2019\/01\/vk-kasse-150x150.jpg\" class=\"attachment-thumbnail size-thumbnail\" alt=\"\" decoding=\"async\" loading=\"lazy\" \/><\/a>\n\t\t\t<\/dt><\/dl><dl class='gallery-item'>\n\t\t\t<dt class='gallery-icon portrait'>\n\t\t\t\t<a href='https:\/\/eduardokasse.com.br\/vikings\/wp-content\/uploads\/2018\/11\/vikings-noite-em-valhala-capa1.jpg'><img width=\"150\" height=\"150\" src=\"https:\/\/eduardokasse.com.br\/vikings\/wp-content\/uploads\/2018\/11\/vikings-noite-em-valhala-capa1-150x150.jpg\" class=\"attachment-thumbnail size-thumbnail\" alt=\"\" decoding=\"async\" loading=\"lazy\" srcset=\"https:\/\/eduardokasse.com.br\/vikings\/wp-content\/uploads\/2018\/11\/vikings-noite-em-valhala-capa1-150x150.jpg 150w, https:\/\/eduardokasse.com.br\/vikings\/wp-content\/uploads\/2018\/11\/vikings-noite-em-valhala-capa1-100x100.jpg 100w\" sizes=\"(max-width: 150px) 100vw, 150px\" \/><\/a>\n\t\t\t<\/dt><\/dl><dl class='gallery-item'>\n\t\t\t<dt class='gallery-icon portrait'>\n\t\t\t\t<a href='https:\/\/eduardokasse.com.br\/vikings\/wp-content\/uploads\/2018\/11\/vikings-noite-em-valhala-miolo1.jpg'><img width=\"150\" height=\"150\" src=\"https:\/\/eduardokasse.com.br\/vikings\/wp-content\/uploads\/2018\/11\/vikings-noite-em-valhala-miolo1-150x150.jpg\" class=\"attachment-thumbnail size-thumbnail\" alt=\"\" decoding=\"async\" loading=\"lazy\" srcset=\"https:\/\/eduardokasse.com.br\/vikings\/wp-content\/uploads\/2018\/11\/vikings-noite-em-valhala-miolo1-150x150.jpg 150w, https:\/\/eduardokasse.com.br\/vikings\/wp-content\/uploads\/2018\/11\/vikings-noite-em-valhala-miolo1-100x100.jpg 100w\" sizes=\"(max-width: 150px) 100vw, 150px\" \/><\/a>\n\t\t\t<\/dt><\/dl><br style=\"clear: both\" \/><dl class='gallery-item'>\n\t\t\t<dt class='gallery-icon portrait'>\n\t\t\t\t<a href='https:\/\/eduardokasse.com.br\/vikings\/wp-content\/uploads\/2018\/11\/vikings-noite-em-valhala-miolo2.jpg'><img width=\"150\" height=\"150\" src=\"https:\/\/eduardokasse.com.br\/vikings\/wp-content\/uploads\/2018\/11\/vikings-noite-em-valhala-miolo2-150x150.jpg\" class=\"attachment-thumbnail size-thumbnail\" alt=\"\" decoding=\"async\" loading=\"lazy\" srcset=\"https:\/\/eduardokasse.com.br\/vikings\/wp-content\/uploads\/2018\/11\/vikings-noite-em-valhala-miolo2-150x150.jpg 150w, https:\/\/eduardokasse.com.br\/vikings\/wp-content\/uploads\/2018\/11\/vikings-noite-em-valhala-miolo2-100x100.jpg 100w\" sizes=\"(max-width: 150px) 100vw, 150px\" \/><\/a>\n\t\t\t<\/dt><\/dl><dl class='gallery-item'>\n\t\t\t<dt class='gallery-icon portrait'>\n\t\t\t\t<a href='https:\/\/eduardokasse.com.br\/vikings\/wp-content\/uploads\/2018\/11\/vikings-noite-em-valhala-miolo3.jpg'><img width=\"150\" height=\"150\" src=\"https:\/\/eduardokasse.com.br\/vikings\/wp-content\/uploads\/2018\/11\/vikings-noite-em-valhala-miolo3-150x150.jpg\" class=\"attachment-thumbnail size-thumbnail\" alt=\"\" decoding=\"async\" loading=\"lazy\" srcset=\"https:\/\/eduardokasse.com.br\/vikings\/wp-content\/uploads\/2018\/11\/vikings-noite-em-valhala-miolo3-150x150.jpg 150w, https:\/\/eduardokasse.com.br\/vikings\/wp-content\/uploads\/2018\/11\/vikings-noite-em-valhala-miolo3-100x100.jpg 100w\" sizes=\"(max-width: 150px) 100vw, 150px\" \/><\/a>\n\t\t\t<\/dt><\/dl><dl class='gallery-item'>\n\t\t\t<dt class='gallery-icon portrait'>\n\t\t\t\t<a href='https:\/\/eduardokasse.com.br\/vikings\/wp-content\/uploads\/2018\/11\/vikings-noite-em-valhala-miolo4.jpg'><img width=\"150\" height=\"150\" src=\"https:\/\/eduardokasse.com.br\/vikings\/wp-content\/uploads\/2018\/11\/vikings-noite-em-valhala-miolo4-150x150.jpg\" class=\"attachment-thumbnail size-thumbnail\" alt=\"\" decoding=\"async\" loading=\"lazy\" srcset=\"https:\/\/eduardokasse.com.br\/vikings\/wp-content\/uploads\/2018\/11\/vikings-noite-em-valhala-miolo4-150x150.jpg 150w, https:\/\/eduardokasse.com.br\/vikings\/wp-content\/uploads\/2018\/11\/vikings-noite-em-valhala-miolo4-100x100.jpg 100w\" sizes=\"(max-width: 150px) 100vw, 150px\" \/><\/a>\n\t\t\t<\/dt><\/dl><br style=\"clear: both\" \/>\n\t\t<\/div>\n\n<h3 style=\"text-align: center;\"><strong><a href=\"https:\/\/loja.eduardokasse.com.br\/produto\/vikings-noite-em-valhala-eduardo-kasse-e-carlos-sekko\/\" target=\"_blank\" rel=\"noopener noreferrer\"><span style=\"color: #800000;\">+++ Compre na nossa loja virtual +++<\/span><\/a><\/strong><\/h3>\n","protected":false},"excerpt":{"rendered":"<p>Bra\u00e7os s\u00e3o amputados, cr\u00e2nios rachados e gargantas perfuradas, enquanto uma boca gorgoleja sangue e espuma As l\u00e2minas iniciaram a melodia da morte contra a carne e os ossos. Uma m\u00fasica de rosnados, gemidos, urros de dor e \u00eaxtase! Empunhe o seu machado, segure firme o seu escudo e lute com Hr\u00f3aldr, Sten e outros bravos&hellip; <br \/> <a class=\"button small blue\" href=\"https:\/\/eduardokasse.com.br\/vikings\/vikings-noite-em-valhala\/\">Leia mais<\/a><\/p>\n","protected":false},"author":1,"featured_media":172,"parent":0,"menu_order":0,"comment_status":"closed","ping_status":"closed","template":"","meta":[],"_links":{"self":[{"href":"https:\/\/eduardokasse.com.br\/vikings\/wp-json\/wp\/v2\/pages\/160"}],"collection":[{"href":"https:\/\/eduardokasse.com.br\/vikings\/wp-json\/wp\/v2\/pages"}],"about":[{"href":"https:\/\/eduardokasse.com.br\/vikings\/wp-json\/wp\/v2\/types\/page"}],"author":[{"embeddable":true,"href":"https:\/\/eduardokasse.com.br\/vikings\/wp-json\/wp\/v2\/users\/1"}],"replies":[{"embeddable":true,"href":"https:\/\/eduardokasse.com.br\/vikings\/wp-json\/wp\/v2\/comments?post=160"}],"version-history":[{"count":0,"href":"https:\/\/eduardokasse.com.br\/vikings\/wp-json\/wp\/v2\/pages\/160\/revisions"}],"wp:featuredmedia":[{"embeddable":true,"href":"https:\/\/eduardokasse.com.br\/vikings\/wp-json\/wp\/v2\/media\/172"}],"wp:attachment":[{"href":"https:\/\/eduardokasse.com.br\/vikings\/wp-json\/wp\/v2\/media?parent=160"}],"curies":[{"name":"wp","href":"https:\/\/api.w.org\/{rel}","templated":true}]}}