{"id":196,"date":"2019-01-30T15:35:18","date_gmt":"2019-01-30T17:35:18","guid":{"rendered":"https:\/\/eduardokasse.com.br\/vikings\/one-page-express\/"},"modified":"2021-08-10T22:57:41","modified_gmt":"2021-08-11T01:57:41","slug":"one-page-express","status":"publish","type":"page","link":"https:\/\/eduardokasse.com.br\/vikings\/","title":{"rendered":"Saga Vikings"},"content":{"rendered":"<div  id=\"livros\" class=\"features-coloured-icon-boxes-section\" style=\"background-color: #ffffff;\" data-label=\"Livros\" data-id=\"stripped-coloured-icon-boxes\" data-category=\"overlapable\" data-overlap=\"true\">\n<div  class=\"gridContainer\">\n<div  class=\"features-coloured-icon-boxes-innerrow flexbox-list dark-text\" data-type=\"row\">\n\n\n<div  class=\"features-coloured-icon-boxes-featurecol cp3cols\"><img decoding=\"async\"  loading=\"lazy\" class=\"custom-image\" src=\"https:\/\/eduardokasse.com.br\/vikings\/wp-content\/uploads\/2019\/01\/vikings-berserker.jpg\" scale=\"0\">\n<h4  class=\"\">Berserker<\/h4>\n<p  class=\"\">Acompanhe a trajet\u00f3ria daqueles que se tornar\u00e3o lendas, desbravando territ\u00f3rios hostis e indo aonde nem os mais ousados chegaram.<\/p>\nPor Odin!\n\n<a class=\"features-coloured-button\" href=\"https:\/\/eduardokasse.com.br\/vikings\/vikings-berserker\" target=\"_self\" rel=\"noopener noreferrer\">Leia mais<\/a>\n\n<\/div><div  class=\"features-coloured-icon-boxes-featurecol cp3cols\"><img decoding=\"async\"  loading=\"lazy\" class=\"custom-image\" src=\"https:\/\/eduardokasse.com.br\/vikings\/wp-content\/uploads\/2020\/11\/capa-vikings-nidhogg-miniatura.jpg\" scale=\"0\">\n<h4  class=\"\">Nidhogg<\/h4>\n<p  class=\"\">A saga que se iniciou com o livro Vikings \u2013 Berserker encontra o seu desfecho. Ser\u00e1 que conseguir\u00e3o fazer os Deuses olharem novamente para Midgard?<\/p>\n<a class=\"features-coloured-button\" href=\"https:\/\/eduardokasse.com.br\/vikings\/vikings-nidhogg-2\" target=\"_self\" rel=\"noopener noreferrer\">Leia mais<\/a>\n\n<\/div><div  class=\"features-coloured-icon-boxes-featurecol cp3cols\"><img decoding=\"async\"  loading=\"lazy\" class=\"custom-image\" src=\"https:\/\/eduardokasse.com.br\/vikings\/wp-content\/uploads\/2019\/01\/vikings-valhala.jpg\" scale=\"0\">\n<h4  class=\"\">Noite em Valhala<\/h4>\n<p  class=\"\">Esse quadrinho narra de forma crua uma batalha em algum lugar do territ\u00f3rio que viria se tornar a Esc\u00f3cia. Lute com bravura. Ataque seus inimigos com f\u00faria e com um sorriso no rosto!<\/p>\n<a class=\"features-coloured-button\" href=\"https:\/\/eduardokasse.com.br\/vikings\/vikings-noite-em-valhala\" target=\"_self\" rel=\"noopener noreferrer\">Leia mais<\/a>\n\n<\/div><div  class=\"features-coloured-icon-boxes-featurecol cp3cols\"><img decoding=\"async\"  loading=\"lazy\" class=\"custom-image\" src=\"https:\/\/eduardokasse.com.br\/vikings\/wp-content\/uploads\/2019\/09\/vikings-morte-ao-troll-hq-kasse-sekko.jpg\" scale=\"0\">\n<h4  class=\"\">Morte ao troll<\/h4>\n<p  class=\"\">Hr\u00f3aldr, Boors, Caolho e outros bravos n\u00f3rdicos ousaram perseguir um temido monstro que assombrava as hist\u00f3rias ao redor da fogueira. Os Deuses amam a coragem<\/p>\n<a class=\"features-coloured-button\" href=\"https:\/\/eduardokasse.com.br\/vikings\/vikings-morte-ao-troll\" target=\"_self\" rel=\"noopener noreferrer\">Leia mais<\/a>\n\n<\/div>\n<\/div>\n<\/div>\n<\/div><div  id=\"about-1\" class=\"about-big-images-section\" style=\"background-color: #ffffff;\" data-label=\"About\" data-id=\"about-big-images-section\" data-category=\"about\">\n<div  class=\"gridContainer\">\n<div  class=\"about-big-images-textrow\">\n<div  class=\"about-big-images-textcol dynamic-color\" data-type=\"column\">\n<h3  class=\"\">Saga Vikings: viva com honra, lute com bravura e morra empunhando a sua arma!<\/h3>\n<p  class=\"\">O in\u00edcio de uma nova hist\u00f3ria que vai ter projetos em literatura e quadrinhos.<\/p>\n<a class=\"button blue big\" href=\"https:\/\/eduardokasse.com.br\/vikings\/sobre\" target=\"_self\" rel=\"noopener noreferrer\">Venha para a nossa parede de escudos!<\/a>\n\n<\/div>\n<\/div>\n<\/div>\n<div  class=\"about-big-images-bottomrow\">\n<div  class=\"about-big-images-leftimgcol\"><img decoding=\"async\"  loading=\"lazy\" class=\"about-big-images-leftimg\" src=\"https:\/\/i2.wp.com\/vikings.eduardokasse.com.br\/wp-content\/uploads\/2018\/11\/vikings-noite-em-valhala-miolo4.jpg?w=3840&amp;ssl=1\" scale=\"0\" width=\"305\" height=\"430\"><\/div>\n<div  class=\"about-big-images-centerimgcol\"><img decoding=\"async\"  loading=\"lazy\" class=\"about-big-images-centerimg\" src=\"https:\/\/i0.wp.com\/vikings.eduardokasse.com.br\/wp-content\/uploads\/2019\/06\/langskip.jpg?w=3840&amp;ssl=1\" scale=\"0\" width=\"610\" height=\"372\"><\/div>\n<div  class=\"about-big-images-rightimgcol\"><img decoding=\"async\"  loading=\"lazy\" class=\"about-big-images-rightimg\" src=\"https:\/\/i0.wp.com\/vikings.eduardokasse.com.br\/wp-content\/uploads\/2018\/11\/vikings-noite-em-valhala-miolo1.jpg?w=3840&amp;ssl=1\" scale=\"0\" width=\"305\" height=\"430\"><\/div>\n<\/div>\n<\/div><div  id=\"content-3\" class=\"content-left-image-section\" style=\"background-color: #ffffff;\" data-label=\"Content\" data-id=\"content-image-left\" data-category=\"content\">\n<div  class=\"gridContainer\">\n<div  class=\"row\">\n<div  class=\"content-left-image-imgcol\" data-type=\"column\"><img decoding=\"async\"  loading=\"lazy\" class=\"\" src=\"https:\/\/i1.wp.com\/vikings.eduardokasse.com.br\/wp-content\/uploads\/2018\/01\/favicon.jpg?w=3840&amp;ssl=1\" scale=\"0\" width=\"458\" height=\"458\"><\/div>\n<div  class=\"content-left-image-textcol dynamic-color\" data-type=\"column\">\n<h2  class=\"\">Uma profecia ditada pelos Deuses<\/h2>\n<p  class=\"large_text\">Os nossos Deuses est\u00e3o cada vez mais em sil\u00eancio.<\/p>\nE alguns da nossa gente, os mais rebeldes e sem respeito \u00e0 verdade, bradam que eles devem estar mortos. E outros, sem temor de ter a alma estra\u00e7alhada ao chegar ao mundo dos mortos, dizem que eles nunca existiram.\n\n<a class=\"button blue\" href=\"https:\/\/eduardokasse.com.br\/vikings\/profecia-berserker\" target=\"_self\" rel=\"noopener noreferrer\"> Gostou? Leia aqui o primeiro cap\u00edtulo de Vikings: Berserker <\/a>\n\n<\/div>\n<\/div>\n<\/div>\n<\/div><div  id=\"content-4\" class=\"content-right-image-section\" style=\"background-color: #f6f6f6;\" data-label=\"Content\" data-id=\"content-image-right\" data-category=\"content\">\n<div  class=\"gridContainer\">\n<div  class=\"content-right-image-gridcol\">\n<div  class=\"content-right-image-textcol dynamic-color\" data-type=\"column\">\n<h2  class=\"\">Loja virtual<\/h2>\n<p  class=\"large_text\">Voc\u00ea pode comprar com a seguran\u00e7a do PagSeguro (aceita todos os cart\u00f5es de cr\u00e9dito e boleto banc\u00e1rio), PicPay e Pix todas as obras autografadas e com desconto!<\/p>\nAh, e ainda tem marcadores de p\u00e1ginas exclusivos.\n\n<a class=\"button blue\" href=\"https:\/\/loja.eduardokasse.com.br\" target=\"_self\" rel=\"noopener noreferrer\"> Acesse a loja virtual <\/a>\n\n<\/div>\n<div  class=\"content-right-image-imgcol\" data-type=\"column\"><img decoding=\"async\"  loading=\"lazy\" class=\"custom-image\" src=\"https:\/\/i0.wp.com\/vikings.eduardokasse.com.br\/wp-content\/uploads\/2019\/01\/20181011_153650.jpg?w=3840&amp;ssl=1\" scale=\"0\" width=\"458\" height=\"431\"><\/div>\n<\/div>\n<\/div>\n<\/div><div  id=\"portfolio-2\" style=\"background-color: #f6f6f6;\" data-label=\"Portfolio\" data-id=\"portfolio-full-section\" data-category=\"portfolio\">\n<div  class=\"portfolio-full-section\" data-type=\"row\">\n<div  class=\"portfolio-full-projectco cp4cols-tablet cp4cols\">\n<div  id=\"ContentSwap103\" class=\"contentswap-effect ContentSwap103\">\n<div  class=\"ContentSwap103_content initial-image\"><img decoding=\"async\"  loading=\"lazy\" class=\"portfolio-full-projectimg\" src=\"https:\/\/i1.wp.com\/vikings.eduardokasse.com.br\/wp-content\/uploads\/2019\/01\/cropped-tds-completa-kasse.jpg?w=3840&amp;ssl=1\" data-size=\"1200x800\" scale=\"0\" width=\"406\" height=\"271\"><\/div>\n<div  class=\"overlay\" style=\"display: block; opacity: 1;\"><\/div>\n<div  class=\"swap-inner\" style=\"opacity: 1; display: block;\">\n<div  class=\"ContentSwap103-center\">\n<h4  class=\"protfolio-full-itemtitle\">S\u00e9rie Tempos de Sangue<\/h4>\n<a class=\"button yellow\" href=\"http:\/\/temposdesangue.com.br\" target=\"_blank\" rel=\"noopener noreferrer\">Conhe\u00e7a!<\/a>\n\n<\/div>\n<\/div>\n<\/div>\n<\/div>\n<div  class=\"portfolio-full-projectco cp4cols-tablet cp4cols\">\n<div  id=\"ContentSwap103\" class=\"contentswap-effect ContentSwap103\">\n<div  class=\"ContentSwap103_content initial-image\"><img decoding=\"async\"  loading=\"lazy\" class=\"portfolio-full-projectimg\" src=\"https:\/\/i2.wp.com\/vikings.eduardokasse.com.br\/wp-content\/uploads\/2018\/01\/cropped-autografo.jpg?w=3840&amp;ssl=1\" data-size=\"1200x800\" scale=\"0\" width=\"406\" height=\"271\"><\/div>\n<div  class=\"overlay\" style=\"display: block; opacity: 1;\"><\/div>\n<div  class=\"swap-inner\" style=\"opacity: 1; display: block;\">\n<div  class=\"ContentSwap103-center\">\n<h4  class=\"protfolio-full-itemtitle\">Blog do Kasse<\/h4>\n<a class=\"button yellow\" href=\"https:\/\/eduardokasse.com.br\/blog\" target=\"_blank\" rel=\"noopener noreferrer\">Acesse<\/a>\n\n<\/div>\n<\/div>\n<\/div>\n<\/div>\n<div  class=\"portfolio-full-projectco cp4cols-tablet cp4cols\">\n<div  id=\"ContentSwap103\" class=\"contentswap-effect ContentSwap103\">\n<div  class=\"ContentSwap103_content initial-image\"><img decoding=\"async\"  loading=\"lazy\" class=\"portfolio-full-projectimg\" src=\"https:\/\/i2.wp.com\/vikings.eduardokasse.com.br\/wp-content\/uploads\/2019\/01\/cropped-medieval-excalibur.jpg?w=3840&amp;ssl=1\" data-size=\"1200x800\" scale=\"0\" width=\"406\" height=\"271\"><\/div>\n<div  class=\"overlay\" style=\"display: block; opacity: 1;\"><\/div>\n<div  class=\"swap-inner\" style=\"opacity: 1; display: block;\">\n<div  class=\"ContentSwap103-center\">\n<h4  class=\"protfolio-full-itemtitle\">Participa\u00e7\u00e3o em colet\u00e2neas<\/h4>\n<a class=\"button yellow\" href=\"https:\/\/eduardokasse.com.br\/coletaneas\" target=\"_blank\" rel=\"noopener noreferrer\">Conhe\u00e7a os trabalhos<\/a>\n\n<\/div>\n<\/div>\n<\/div>\n<\/div>\n<\/div>\n<\/div><div  id=\"testimonials-1\" class=\"testimonials-boxed-section\" style=\"background-color: #ffffff;\" data-label=\"Testimonials\" data-id=\"testimonials-boxed-section\" data-category=\"testimonials\">\n<div  class=\"gridContainer\">\n<div  class=\"testimonials-boxed-textcol dynamic-color\" data-type=\"column\">\n<h2  class=\"\">Na m\u00eddia<\/h2>\n<\/div>\n<div  class=\"testimonials-boxed-itemsrow dark-text\" data-type=\"row\">\n<div  class=\"testimonials-boxed-itemcol cp4cols cp6cols-tablet\">\n<div  class=\"testimonials-boxed-itemcard\" data-type=\"column\">\n<h4  class=\"testimonials-boxed-itemtext\">\u201cA escrita de Eduardo Kasse \u00e9 bastante eloquente e a fluidez de seu texto aliada a personagens carism\u00e1ticos escraviza o leitor desde as primeiras p\u00e1ginas\u2026\u201d\u201d<\/h4>\n<h5  class=\"testimonials-boxed-itemname\">Biblioteca do Terror<\/h5>\n<\/div>\n<\/div>\n<div  class=\"testimonials-boxed-itemcol cp4cols cp6cols-tablet\">\n<div  class=\"testimonials-boxed-itemcard\" data-type=\"column\">\n<h4  class=\"testimonials-boxed-itemtext\">\u201cEduardo Kasse, mais uma vez, ambienta magistralmente a sua hist\u00f3ria.\u201d<\/h4>\n<h5  class=\"testimonials-boxed-itemname\">Dica do Leitor<\/h5>\n<\/div>\n<\/div>\n<div  class=\"testimonials-boxed-itemcol cp4cols cp6cols-tablet\">\n<div  class=\"testimonials-boxed-itemcard\" data-type=\"column\">\n<h4  class=\"testimonials-boxed-itemtext\">\u201cEduardo Kasse cria um enredo te prende do come\u00e7o ao fim, a leitura \u00e9 flu\u00edda e a linguagem \u00e9 muito bem constru\u00edda. Se voc\u00ea procura um bom livro de fantasia, leia este, voc\u00ea n\u00e3o vai se arrepender\u201d<\/h4>\n<h5  class=\"testimonials-boxed-itemname\">Desbravador de Mundos<\/h5>\n<\/div>\n<\/div>\n<\/div>\n<\/div>\n<\/div><div  id=\"latest-posts\" class=\"blog-section\" style=\"background-color: #f6f6f6;\" data-label=\"Latest posts\" data-id=\"blog-section\" data-category=\"latest_news\">\n<div  class=\"gridContainer\">\n<div  class=\"blog-textrow\">\n<div  class=\"blog-textcol dynamic-color\" data-type=\"column\">\n<h2  class=\"\">Conversa no sal\u00e3o do Jarl<\/h2>\n<p  class=\"\">Aqui voc\u00ea l\u00ea todas as novidades sobre os livros, quadrinhos e eventos.<\/p>\n\n<\/div>\n<\/div>\n<div  class=\"blog-postsrow dark-text\" data-type=\"row\" data-dynamic-columns=\"one_page_express_latest_news_columns\" data-content-shortcode=\"one_page_express_latest_news\">\t\t\t<div id=\"post-445\" class=\"blog-postcol cp4cols\">\n\t\t\t<div class=\"post-content\">\n\t\t\t\t\t\t\t\t\t<a class=\"post-list-item-thumb\" href=\"https:\/\/eduardokasse.com.br\/vikings\/conversa-com-luciana-campos\/\">\n\t\t\t\t\t\t<img width=\"1024\" height=\"576\" src=\"https:\/\/eduardokasse.com.br\/vikings\/wp-content\/uploads\/2021\/08\/luciana-yt-1024x576.jpg\" class=\"attachment-post-thumbnail size-post-thumbnail wp-post-image\" alt=\"\" decoding=\"async\" loading=\"lazy\" srcset=\"https:\/\/eduardokasse.com.br\/vikings\/wp-content\/uploads\/2021\/08\/luciana-yt-1024x576.jpg 1024w, https:\/\/eduardokasse.com.br\/vikings\/wp-content\/uploads\/2021\/08\/luciana-yt-300x169.jpg 300w, https:\/\/eduardokasse.com.br\/vikings\/wp-content\/uploads\/2021\/08\/luciana-yt-768x432.jpg 768w, https:\/\/eduardokasse.com.br\/vikings\/wp-content\/uploads\/2021\/08\/luciana-yt.jpg 1280w\" sizes=\"(max-width: 1024px) 100vw, 1024px\" \/>\t\t\t\t\t<\/a>\n\t\t\t\t\t\t\t\t<div class=\"row_345\">\n\t\t\t\t\t<h3 class=\"blog-title\">\n\t\t\t\t\t\t<a href=\"https:\/\/eduardokasse.com.br\/vikings\/conversa-com-luciana-campos\/\" rel=\"bookmark\">\n\t\t\t\t\t\t\tConversa com Luciana Campos\t\t\t\t\t\t<\/a>\n\t\t\t\t\t<\/h3>\n\t\t\t\t\t<p>Quer um papo sobre as del\u00edcias culin\u00e1rias da Era Medieval? Sirva-se!<\/p>\n\t\t\t\t\t<a class=\"button blue small\" href=\"https:\/\/eduardokasse.com.br\/vikings\/conversa-com-luciana-campos\/\">\n\t\t\t\t\t\t<span data-theme=\"one_page_express_latest_news_read_more\">Read more<\/span>\n\t\t\t\t\t<\/a>\n\t\t\t\t\t<hr class=\"blog-separator\">\n<div class=\"post-header\">\n    <i class=\"font-icon-post fa fa-user\"><\/i>\n    <a href=\"https:\/\/eduardokasse.com.br\/vikings\/author\/eduardokasse_sw8m1w0u\/\" title=\"Posts de Eduardo Kasse\" rel=\"author\">Eduardo Kasse<\/a>    <i class=\"font-icon-post fa fa-calendar\"><\/i>\n    <span class=\"span12\">26 de agosto de 2021<\/span>\n\n    <i class=\"font-icon-post fa fa-comment-o\"><\/i>\n    <span>0<\/span>\n<\/div>\t\t\t\t<\/div>\n\t\t\t<\/div>\n\t\t<\/div>\n\t\t\t\t<div id=\"post-440\" class=\"blog-postcol cp4cols\">\n\t\t\t<div class=\"post-content\">\n\t\t\t\t\t\t\t\t\t<a class=\"post-list-item-thumb\" href=\"https:\/\/eduardokasse.com.br\/vikings\/conversa-com-johnni-langer\/\">\n\t\t\t\t\t\t<img width=\"1024\" height=\"576\" src=\"https:\/\/eduardokasse.com.br\/vikings\/wp-content\/uploads\/2021\/08\/johnni-yt-1024x576.jpg\" class=\"attachment-post-thumbnail size-post-thumbnail wp-post-image\" alt=\"\" decoding=\"async\" loading=\"lazy\" srcset=\"https:\/\/eduardokasse.com.br\/vikings\/wp-content\/uploads\/2021\/08\/johnni-yt-1024x576.jpg 1024w, https:\/\/eduardokasse.com.br\/vikings\/wp-content\/uploads\/2021\/08\/johnni-yt-300x169.jpg 300w, https:\/\/eduardokasse.com.br\/vikings\/wp-content\/uploads\/2021\/08\/johnni-yt-768x432.jpg 768w, https:\/\/eduardokasse.com.br\/vikings\/wp-content\/uploads\/2021\/08\/johnni-yt.jpg 1280w\" sizes=\"(max-width: 1024px) 100vw, 1024px\" \/>\t\t\t\t\t<\/a>\n\t\t\t\t\t\t\t\t<div class=\"row_345\">\n\t\t\t\t\t<h3 class=\"blog-title\">\n\t\t\t\t\t\t<a href=\"https:\/\/eduardokasse.com.br\/vikings\/conversa-com-johnni-langer\/\" rel=\"bookmark\">\n\t\t\t\t\t\t\tConversa com Johnni Langer\t\t\t\t\t\t<\/a>\n\t\t\t\t\t<\/h3>\n\t\t\t\t\t<p>Tive a honra de bater um papo com esse mestre em escandinavistica. <\/p>\n\t\t\t\t\t<a class=\"button blue small\" href=\"https:\/\/eduardokasse.com.br\/vikings\/conversa-com-johnni-langer\/\">\n\t\t\t\t\t\t<span data-theme=\"one_page_express_latest_news_read_more\">Read more<\/span>\n\t\t\t\t\t<\/a>\n\t\t\t\t\t<hr class=\"blog-separator\">\n<div class=\"post-header\">\n    <i class=\"font-icon-post fa fa-user\"><\/i>\n    <a href=\"https:\/\/eduardokasse.com.br\/vikings\/author\/eduardokasse_sw8m1w0u\/\" title=\"Posts de Eduardo Kasse\" rel=\"author\">Eduardo Kasse<\/a>    <i class=\"font-icon-post fa fa-calendar\"><\/i>\n    <span class=\"span12\">26 de agosto de 2021<\/span>\n\n    <i class=\"font-icon-post fa fa-comment-o\"><\/i>\n    <span>0<\/span>\n<\/div>\t\t\t\t<\/div>\n\t\t\t<\/div>\n\t\t<\/div>\n\t\t\t\t<div id=\"post-413\" class=\"blog-postcol cp4cols\">\n\t\t\t<div class=\"post-content\">\n\t\t\t\t\t\t\t\t\t<a class=\"post-list-item-thumb\" href=\"https:\/\/eduardokasse.com.br\/vikings\/vikings-nas-palavras-dos-skalds\/\">\n\t\t\t\t\t\t<img width=\"1024\" height=\"1024\" src=\"https:\/\/eduardokasse.com.br\/vikings\/wp-content\/uploads\/2021\/08\/vikings-skalds1-1024x1024.jpg\" class=\"attachment-post-thumbnail size-post-thumbnail wp-post-image\" alt=\"\" decoding=\"async\" loading=\"lazy\" srcset=\"https:\/\/eduardokasse.com.br\/vikings\/wp-content\/uploads\/2021\/08\/vikings-skalds1-1024x1024.jpg 1024w, https:\/\/eduardokasse.com.br\/vikings\/wp-content\/uploads\/2021\/08\/vikings-skalds1-300x300.jpg 300w, https:\/\/eduardokasse.com.br\/vikings\/wp-content\/uploads\/2021\/08\/vikings-skalds1-150x150.jpg 150w, https:\/\/eduardokasse.com.br\/vikings\/wp-content\/uploads\/2021\/08\/vikings-skalds1-768x768.jpg 768w, https:\/\/eduardokasse.com.br\/vikings\/wp-content\/uploads\/2021\/08\/vikings-skalds1-1536x1536.jpg 1536w, https:\/\/eduardokasse.com.br\/vikings\/wp-content\/uploads\/2021\/08\/vikings-skalds1-1080x1080.jpg 1080w, https:\/\/eduardokasse.com.br\/vikings\/wp-content\/uploads\/2021\/08\/vikings-skalds1.jpg 2000w\" sizes=\"(max-width: 1024px) 100vw, 1024px\" \/>\t\t\t\t\t<\/a>\n\t\t\t\t\t\t\t\t<div class=\"row_345\">\n\t\t\t\t\t<h3 class=\"blog-title\">\n\t\t\t\t\t\t<a href=\"https:\/\/eduardokasse.com.br\/vikings\/vikings-nas-palavras-dos-skalds\/\" rel=\"bookmark\">\n\t\t\t\t\t\t\tVikings: nas palavras dos skalds\t\t\t\t\t\t<\/a>\n\t\t\t\t\t<\/h3>\n\t\t\t\t\t<p>Uma colet\u00e2nea que traz hist\u00f3rias contadas \u00e0 beira da fogueira.<\/p>\n\t\t\t\t\t<a class=\"button blue small\" href=\"https:\/\/eduardokasse.com.br\/vikings\/vikings-nas-palavras-dos-skalds\/\">\n\t\t\t\t\t\t<span data-theme=\"one_page_express_latest_news_read_more\">Read more<\/span>\n\t\t\t\t\t<\/a>\n\t\t\t\t\t<hr class=\"blog-separator\">\n<div class=\"post-header\">\n    <i class=\"font-icon-post fa fa-user\"><\/i>\n    <a href=\"https:\/\/eduardokasse.com.br\/vikings\/author\/eduardokasse_sw8m1w0u\/\" title=\"Posts de Eduardo Kasse\" rel=\"author\">Eduardo Kasse<\/a>    <i class=\"font-icon-post fa fa-calendar\"><\/i>\n    <span class=\"span12\">10 de agosto de 2021<\/span>\n\n    <i class=\"font-icon-post fa fa-comment-o\"><\/i>\n    <span>0<\/span>\n<\/div>\t\t\t\t<\/div>\n\t\t\t<\/div>\n\t\t<\/div>\n\t\t<\/div>\n<div  class=\"blog-textcol\"><a class=\"button blue\" href=\"https:\/\/eduardokasse.com.br\/vikings\/blog\/\" target=\"_self\" data-attr-shortcode=\"href:one_page_express_blog_link\" rel=\"noopener noreferrer\">Veja mais posts<\/a><\/div>\n<\/div>\n<\/div><div  id=\"contact-4\" class=\"contact-section-formsection white-text\" data-label=\"Contact\" data-id=\"contact-section\" data-category=\"contact\" data-bg=\"transparent\">\n<div  class=\"gridContainer\">\n<div  class=\"row_224\">\n<div  class=\"contact-textrow\">\n<div  class=\"contact-textcol dynamic-color\">\n<h2  class=\"\">Mande o seu recado<\/h2>\n<p  class=\"white_text\">Use o formul\u00e1rio abaixo para falar com o escritor Eduardo Kasse. Sua mensagem \u00e9 muito bem-vinda!<\/p>\n\n<\/div>\n<\/div>\n<\/div>\n<div  class=\"contact-formcol\" data-content-shortcode=\"one_page_express_contact_form shortcode=&quot;contact-form-7 id=&amp;amp;quot;54&amp;amp;quot; title=&amp;amp;quot;Formul\u00e1rio de contato 1&amp;amp;quot;&quot;\" data-editable=\"true\">\n<div class=\"wpcf7 no-js\" id=\"wpcf7-f54-o1\" lang=\"pt-BR\" dir=\"ltr\">\n<div class=\"screen-reader-response\"><p role=\"status\" aria-live=\"polite\" aria-atomic=\"true\"><\/p> <ul><\/ul><\/div>\n<form action=\"\/vikings\/wp-json\/wp\/v2\/pages\/196#wpcf7-f54-o1\" method=\"post\" class=\"wpcf7-form init\" aria-label=\"Formul\u00e1rios de contato\" novalidate=\"novalidate\" data-status=\"init\">\n<div style=\"display: none;\">\n<input type=\"hidden\" name=\"_wpcf7\" value=\"54\" \/>\n<input type=\"hidden\" name=\"_wpcf7_version\" value=\"5.7.6\" \/>\n<input type=\"hidden\" name=\"_wpcf7_locale\" value=\"pt_BR\" \/>\n<input type=\"hidden\" name=\"_wpcf7_unit_tag\" value=\"wpcf7-f54-o1\" \/>\n<input type=\"hidden\" name=\"_wpcf7_container_post\" value=\"0\" \/>\n<input type=\"hidden\" name=\"_wpcf7_posted_data_hash\" value=\"\" \/>\n<\/div>\n<p><label> Seu nome (obrigat\u00f3rio)<br \/>\n<span class=\"wpcf7-form-control-wrap\" data-name=\"your-name\"><input size=\"40\" class=\"wpcf7-form-control wpcf7-text wpcf7-validates-as-required\" aria-required=\"true\" aria-invalid=\"false\" value=\"\" type=\"text\" name=\"your-name\" \/><\/span> <\/label>\n<\/p>\n<p><label> Seu e-mail (obrigat\u00f3rio)<br \/>\n<span class=\"wpcf7-form-control-wrap\" data-name=\"your-email\"><input size=\"40\" class=\"wpcf7-form-control wpcf7-text wpcf7-email wpcf7-validates-as-required wpcf7-validates-as-email\" aria-required=\"true\" aria-invalid=\"false\" value=\"\" type=\"email\" name=\"your-email\" \/><\/span> <\/label>\n<\/p>\n<p><label> Assunto<br \/>\n<span class=\"wpcf7-form-control-wrap\" data-name=\"your-subject\"><input size=\"40\" class=\"wpcf7-form-control wpcf7-text\" aria-invalid=\"false\" value=\"\" type=\"text\" name=\"your-subject\" \/><\/span> <\/label>\n<\/p>\n<p><label> Sua mensagem<br \/>\n<span class=\"wpcf7-form-control-wrap\" data-name=\"your-message\"><textarea cols=\"40\" rows=\"10\" class=\"wpcf7-form-control wpcf7-textarea\" aria-invalid=\"false\" name=\"your-message\"><\/textarea><\/span> <\/label>\n<\/p>\n<p><input class=\"wpcf7-form-control has-spinner wpcf7-submit\" type=\"submit\" value=\"Enviar\" \/>\n<\/p><p style=\"display: none !important;\"><label>&#916;<textarea name=\"_wpcf7_ak_hp_textarea\" cols=\"45\" rows=\"8\" maxlength=\"100\"><\/textarea><\/label><input type=\"hidden\" id=\"ak_js_1\" name=\"_wpcf7_ak_js\" value=\"62\"\/><script>document.getElementById( \"ak_js_1\" ).setAttribute( \"value\", ( new Date() ).getTime() );<\/script><\/p><div class=\"wpcf7-response-output\" aria-hidden=\"true\"><\/div>\n<\/form>\n<\/div>\n<\/div>\n<\/div>\n<\/div>","protected":false},"excerpt":{"rendered":"<p>Berserker Acompanhe a trajet\u00f3ria daqueles que se tornar\u00e3o lendas, desbravando territ\u00f3rios hostis e indo aonde nem os mais ousados chegaram. Por Odin! Leia mais Nidhogg A saga que se iniciou com o livro Vikings \u2013 Berserker encontra o seu desfecho. Ser\u00e1 que conseguir\u00e3o fazer os Deuses olharem novamente para Midgard? Leia mais Noite em Valhala&hellip; <br \/> <a class=\"button small blue\" href=\"https:\/\/eduardokasse.com.br\/vikings\/vikings-nas-palavras-dos-skalds\/\">Leia mais<\/a><\/p>\n","protected":false},"author":1,"featured_media":249,"parent":0,"menu_order":0,"comment_status":"closed","ping_status":"closed","template":"","meta":[],"_links":{"self":[{"href":"https:\/\/eduardokasse.com.br\/vikings\/wp-json\/wp\/v2\/pages\/196"}],"collection":[{"href":"https:\/\/eduardokasse.com.br\/vikings\/wp-json\/wp\/v2\/pages"}],"about":[{"href":"https:\/\/eduardokasse.com.br\/vikings\/wp-json\/wp\/v2\/types\/page"}],"author":[{"embeddable":true,"href":"https:\/\/eduardokasse.com.br\/vikings\/wp-json\/wp\/v2\/users\/1"}],"replies":[{"embeddable":true,"href":"https:\/\/eduardokasse.com.br\/vikings\/wp-json\/wp\/v2\/comments?post=196"}],"version-history":[{"count":0,"href":"https:\/\/eduardokasse.com.br\/vikings\/wp-json\/wp\/v2\/pages\/196\/revisions"}],"wp:featuredmedia":[{"embeddable":true,"href":"https:\/\/eduardokasse.com.br\/vikings\/wp-json\/wp\/v2\/media\/249"}],"wp:attachment":[{"href":"https:\/\/eduardokasse.com.br\/vikings\/wp-json\/wp\/v2\/media?parent=196"}],"curies":[{"name":"wp","href":"https:\/\/api.w.org\/{rel}","templated":true}]}}