{"id":25,"date":"2018-01-05T18:06:18","date_gmt":"2018-01-05T20:06:18","guid":{"rendered":"https:\/\/eduardokasse.com.br\/vikings\/?page_id=25"},"modified":"2021-09-27T13:34:36","modified_gmt":"2021-09-27T16:34:36","slug":"profecia-berserker","status":"publish","type":"page","link":"https:\/\/eduardokasse.com.br\/vikings\/profecia-berserker\/","title":{"rendered":"Uma profecia ditada pelos deuses"},"content":{"rendered":"<p><em><img decoding=\"async\" loading=\"lazy\" class=\"alignright size-full wp-image-207\" src=\"https:\/\/eduardokasse.com.br\/vikings\/wp-content\/uploads\/2019\/01\/vikings-berserker.jpg\" alt=\"Vikings Berserker - Eduardo Kasse\" width=\"400\" height=\"595\" srcset=\"https:\/\/eduardokasse.com.br\/vikings\/wp-content\/uploads\/2019\/01\/vikings-berserker.jpg 400w, https:\/\/eduardokasse.com.br\/vikings\/wp-content\/uploads\/2019\/01\/vikings-berserker-202x300.jpg 202w\" sizes=\"(max-width: 400px) 100vw, 400px\" \/>Quando os Primeiros receberam o dom da palavra e os Segundos o dom da profecia, contaram para os Poucos a hist\u00f3ria do Monstro do Mar que surgiria numa tarde de Sol negro e de \u00e1guas bravias.<\/em><\/p>\n<p><em>Assim os seus Deuses \u2013 os nossos Deuses \u2013 lhes sussurraram nos sonhos. E essa era a verdade.<\/em><\/p>\n<p><em>Disseram que, quando o monstro tocasse as areias da praia, cuspiria gigantes de gelo, brancos como os cad\u00e1veres, e eles brandiriam grandes armas feitas com dentes de cor de prata da Lua.<\/em><\/p>\n<p><em>Dentes que morderiam fundo.<\/em><\/p>\n<p><em>E arrancariam bra\u00e7os.<\/em><\/p>\n<p><em>E decepariam cabe\u00e7as.<\/em><\/p>\n<p><em>E fariam as m\u00e3es chorarem.<\/em><\/p>\n<p><em>E todos, mesmo os mais corajosos, tremeriam de medo.<\/em><\/p>\n<p><em>Os Primeiros e Segundos h\u00e1 muito est\u00e3o mortos. H\u00e1 tanto tempo que seus ossos j\u00e1 se tornaram o p\u00f3 que nutriu as ra\u00edzes profundas das \u00e1rvores sagradas, altas, t\u00e3o altas que podem tocar as nuvens.<\/em><\/p>\n<p><em>E os nossos Deuses est\u00e3o cada vez mais em sil\u00eancio.<\/em><\/p>\n<p><em>E alguns da nossa gente, os mais rebeldes e sem respeito \u00e0 verdade, bradam que eles devem estar mortos. E outros, sem temor de ter a alma estra\u00e7alhada ao chegar ao mundo dos mortos, dizem que eles nunca existiram.<\/em><\/p>\n<p><em>Aos anci\u00e3os, resta a tristeza e a condol\u00eancia aos Antes-deles. Por isso, suas palavras perduram contadas e recontadas pelos Filhos dos filhos dos filhos que as repetem aos Novos nas noites de Lua-azul.<\/em><\/p>\n<p><em>E assim sempre foi. E assim sempre ser\u00e1.<\/em><\/p>\n<p><em>At\u00e9 o fim dos tempos.<\/em><\/p>\n<p><strong>Gostou? <a href=\"https:\/\/eduardokasse.com.br\/vikings\/wp-content\/uploads\/2018\/07\/Vikings-Berserker-capitulo1-eduardokasse.pdf\" target=\"_blank\" rel=\"noopener\">Clique aqui e leia o primeiro cap\u00edtulo de Vikings: Berserker<\/a><\/strong><\/p>\n<h3 style=\"text-align: center;\">Quer comprar o livro? <a href=\"https:\/\/loja.eduardokasse.com.br\/produto\/vikings-berserker-saga-vikings-livro-1\/\">Ele est\u00e1 com\u00a0<strong>desconto<\/strong> aqui!<\/a><\/h3>\n","protected":false},"excerpt":{"rendered":"<p>Quando os Primeiros receberam o dom da palavra e os Segundos o dom da profecia, contaram para os Poucos a hist\u00f3ria do Monstro do Mar que surgiria numa tarde de Sol negro e de \u00e1guas bravias. Assim os seus Deuses \u2013 os nossos Deuses \u2013 lhes sussurraram nos sonhos. E essa era a verdade. Disseram&hellip; <br \/> <a class=\"button small blue\" href=\"https:\/\/eduardokasse.com.br\/vikings\/profecia-berserker\/\">Leia mais<\/a><\/p>\n","protected":false},"author":1,"featured_media":48,"parent":0,"menu_order":0,"comment_status":"closed","ping_status":"closed","template":"","meta":[],"_links":{"self":[{"href":"https:\/\/eduardokasse.com.br\/vikings\/wp-json\/wp\/v2\/pages\/25"}],"collection":[{"href":"https:\/\/eduardokasse.com.br\/vikings\/wp-json\/wp\/v2\/pages"}],"about":[{"href":"https:\/\/eduardokasse.com.br\/vikings\/wp-json\/wp\/v2\/types\/page"}],"author":[{"embeddable":true,"href":"https:\/\/eduardokasse.com.br\/vikings\/wp-json\/wp\/v2\/users\/1"}],"replies":[{"embeddable":true,"href":"https:\/\/eduardokasse.com.br\/vikings\/wp-json\/wp\/v2\/comments?post=25"}],"version-history":[{"count":0,"href":"https:\/\/eduardokasse.com.br\/vikings\/wp-json\/wp\/v2\/pages\/25\/revisions"}],"wp:featuredmedia":[{"embeddable":true,"href":"https:\/\/eduardokasse.com.br\/vikings\/wp-json\/wp\/v2\/media\/48"}],"wp:attachment":[{"href":"https:\/\/eduardokasse.com.br\/vikings\/wp-json\/wp\/v2\/media?parent=25"}],"curies":[{"name":"wp","href":"https:\/\/api.w.org\/{rel}","templated":true}]}}